{"id":475,"date":"2021-09-21T15:14:31","date_gmt":"2021-09-21T18:14:31","guid":{"rendered":"https:\/\/www.marquespiscinas.com.br\/loja\/?page_id=475"},"modified":"2021-09-21T15:14:33","modified_gmt":"2021-09-21T18:14:33","slug":"pos-vendas","status":"publish","type":"page","link":"https:\/\/www.marquespiscinas.com.br\/loja\/pos-vendas\/","title":{"rendered":"P\u00f3s-vendas"},"content":{"rendered":"\n<p>A Marques Piscinas est\u00e1 sempre pronto para ajudar voc\u00ea, lembrando que s\u00f3 respondemos dentro do nosso hor\u00e1rio de funcionamento.<\/p>\n\n\n\n<p>Envie um e-mail relatando o ocorrido que iremos atend\u00ea-los da melhor forma poss\u00edvel, segue e-mail: <a href=\"mailto:contato@marquespiscinas.com.br\">contato@marquespiscinas.com.br<\/a><\/p>\n","protected":false},"excerpt":{"rendered":"<p>A Marques Piscinas est\u00e1 sempre pronto para ajudar voc\u00ea, lembrando que s\u00f3 respondemos dentro do nosso hor\u00e1rio de funcionamento. Envie um e-mail relatando o ocorrido que iremos atend\u00ea-los da melhor forma poss\u00edvel, segue e-mail: contato@marquespiscinas.com.br<\/p>\n","protected":false},"author":1,"featured_media":0,"parent":0,"menu_order":0,"comment_status":"closed","ping_status":"closed","template":"","meta":{"footnotes":""},"class_list":["post-475","page","type-page","status-publish","hentry"],"jetpack_sharing_enabled":true,"_links":{"self":[{"href":"https:\/\/www.marquespiscinas.com.br\/loja\/wp-json\/wp\/v2\/pages\/475","targetHints":{"allow":["GET"]}}],"collection":[{"href":"https:\/\/www.marquespiscinas.com.br\/loja\/wp-json\/wp\/v2\/pages"}],"about":[{"href":"https:\/\/www.marquespiscinas.com.br\/loja\/wp-json\/wp\/v2\/types\/page"}],"author":[{"embeddable":true,"href":"https:\/\/www.marquespiscinas.com.br\/loja\/wp-json\/wp\/v2\/users\/1"}],"replies":[{"embeddable":true,"href":"https:\/\/www.marquespiscinas.com.br\/loja\/wp-json\/wp\/v2\/comments?post=475"}],"version-history":[{"count":1,"href":"https:\/\/www.marquespiscinas.com.br\/loja\/wp-json\/wp\/v2\/pages\/475\/revisions"}],"predecessor-version":[{"id":476,"href":"https:\/\/www.marquespiscinas.com.br\/loja\/wp-json\/wp\/v2\/pages\/475\/revisions\/476"}],"wp:attachment":[{"href":"https:\/\/www.marquespiscinas.com.br\/loja\/wp-json\/wp\/v2\/media?parent=475"}],"curies":[{"name":"wp","href":"https:\/\/api.w.org\/{rel}","templated":true}]}}