{"id":101,"date":"2021-01-19T15:53:06","date_gmt":"2021-01-19T18:53:06","guid":{"rendered":"https:\/\/www.marquespiscinas.com.br\/loja\/?post_type=product&#038;p=101"},"modified":"2022-09-19T17:35:29","modified_gmt":"2022-09-19T20:35:29","slug":"algicida-manutencao-hidroazul-1l","status":"publish","type":"product","link":"https:\/\/www.marquespiscinas.com.br\/loja\/produto\/algicida-manutencao-hidroazul-1l\/","title":{"rendered":"Algicida Manuten\u00e7\u00e3o Hidroazul 1L"},"content":{"rendered":"<p>Em um balde pl\u00e1stico com \u00e1gua, adicione de 3 a 5 ml de Algicida Manuten\u00e7\u00e3o Hidroazul para cada 1.000 litros de \u00e1gua da piscina. Distribua bem a solu\u00e7\u00e3o sobre toda a superf\u00edcie da piscina. Fa\u00e7a uma aplica\u00e7\u00e3o SEMANAL para assegurar os melhores resultados.<\/p>\n<p>MODO DE USO:<br \/>\n1- medir e ajustar os parametro da Alcalidade total entre 80 e 120ppm e a do PH entre 7,4 a 7,6.<br \/>\n2- coloque o a posi\u00e7\u00e3o do filtro em Filtrar e ligue a motobomba.<br \/>\n3- dosar a quantidade de algicida diluida em um balde com agua e espalhar sobre a superficie da piscina.<\/p>\n<p><strong>Esse produto n\u00e3o deve ser utilizado em conjunto com cloro, deve-se dar um intervalo de 8 horas.<\/strong><\/p>\n<p>&nbsp;<\/p>\n","protected":false},"excerpt":{"rendered":"<p>O Algicida\u00a0<b>Manuten\u00e7\u00e3o Hidroazul<\/b>\u00a0\u00e9 um produto desenvolvido para prevenir a forma\u00e7\u00e3o e a prolifera\u00e7\u00e3o de algas, microrganismos que tornam a \u00e1gua da piscina verde e turva, com pisos e paredes escorregadias. Pode ser utilizado em todos os tipos de piscinas.<\/p>\n<p>&nbsp;<\/p>\n","protected":false},"featured_media":533,"comment_status":"open","ping_status":"closed","template":"","meta":[],"product_brand":[],"product_cat":[24],"product_tag":[],"class_list":{"0":"post-101","1":"product","2":"type-product","3":"status-publish","4":"has-post-thumbnail","6":"product_cat-tratamento","8":"first","9":"instock","10":"shipping-taxable","11":"purchasable","12":"product-type-simple"},"jetpack_sharing_enabled":true,"_links":{"self":[{"href":"https:\/\/www.marquespiscinas.com.br\/loja\/wp-json\/wp\/v2\/product\/101","targetHints":{"allow":["GET"]}}],"collection":[{"href":"https:\/\/www.marquespiscinas.com.br\/loja\/wp-json\/wp\/v2\/product"}],"about":[{"href":"https:\/\/www.marquespiscinas.com.br\/loja\/wp-json\/wp\/v2\/types\/product"}],"replies":[{"embeddable":true,"href":"https:\/\/www.marquespiscinas.com.br\/loja\/wp-json\/wp\/v2\/comments?post=101"}],"wp:featuredmedia":[{"embeddable":true,"href":"https:\/\/www.marquespiscinas.com.br\/loja\/wp-json\/wp\/v2\/media\/533"}],"wp:attachment":[{"href":"https:\/\/www.marquespiscinas.com.br\/loja\/wp-json\/wp\/v2\/media?parent=101"}],"wp:term":[{"taxonomy":"product_brand","embeddable":true,"href":"https:\/\/www.marquespiscinas.com.br\/loja\/wp-json\/wp\/v2\/product_brand?post=101"},{"taxonomy":"product_cat","embeddable":true,"href":"https:\/\/www.marquespiscinas.com.br\/loja\/wp-json\/wp\/v2\/product_cat?post=101"},{"taxonomy":"product_tag","embeddable":true,"href":"https:\/\/www.marquespiscinas.com.br\/loja\/wp-json\/wp\/v2\/product_tag?post=101"}],"curies":[{"name":"wp","href":"https:\/\/api.w.org\/{rel}","templated":true}]}}