{"id":113,"date":"2021-01-26T15:10:58","date_gmt":"2021-01-26T18:10:58","guid":{"rendered":"https:\/\/www.marquespiscinas.com.br\/loja\/?post_type=product&#038;p=113"},"modified":"2023-01-27T16:47:29","modified_gmt":"2023-01-27T19:47:29","slug":"filtro-para-piscina-fm-25-p-ate-19-mil-litros-codigo-000805","status":"publish","type":"product","link":"https:\/\/www.marquespiscinas.com.br\/loja\/produto\/filtro-para-piscina-fm-25-p-ate-19-mil-litros-codigo-000805\/","title":{"rendered":"Filtro para piscina FM-25 p\/ at\u00e9 19 mil litros"},"content":{"rendered":"<p>O Filtro de Piscina FM-25 Sodramar \u00e9 composto de tanque termopl\u00e1stico, anticorrosivos, extremamente resistentes \u00e0s press\u00f5es internas a que s\u00e3o submetidos devido a uma rigorosa bateria de testes feitos ap\u00f3s a sua rotomoldagem. \u00c9 muito eficaz e torna a \u00e1gua da piscina limpa e filtrada dando muito mais seguran\u00e7a a seus usu\u00e1rios.<\/p>\n<p>&nbsp;<\/p>\n<h2>Como utilizar o Filtro de Piscina FM-25<\/h2>\n<p>A recomenda\u00e7\u00e3o \u00e9 que se realize este processo de filtra\u00e7\u00e3o da \u00e1gua diariamente, fazendo com que toda a \u00e1gua da piscina complete um ciclo de filtragem. A dura\u00e7\u00e3o deste ciclo varia entre 6 a 12 horas, para que o Filtro de Piscina FM-25 possa desenvolver sua fun\u00e7\u00e3o com efici\u00eancia.<\/p>\n<p>&nbsp;<\/p>\n<div>Os filtros Sodramar s\u00e3o compostos de tanques termopl\u00e1sticos , anticorrosivos , extremamente resistentes as press\u00f5es internas a que s\u00e3o submetidos devido a uma rigorosa bateria de testes feitos ap\u00f3s a sua rotomoldagem. Possuem design exclusivo que prima pela est\u00e9tica , ergonomia e um melhor desempenho na filtra\u00e7\u00e3o da \u00e1gua da sua piscina. \u00a0A sua v\u00e1lvula foi especialmente projetada para que a \u00e1gua , ao entrar no tanque , seja distribu\u00edda de forma homog\u00eanea , direcionando-a para as paredes do tanque e consequentemente , passando por mais camadas de areia , resultando em uma melhor qualidade de filtra\u00e7\u00e3o.<\/div>\n","protected":false},"excerpt":{"rendered":"<p>O Filtro de Piscina FM-25 Sodramar \u00e9 composto de tanque termopl\u00e1stico, anticorrosivos, extremamente resistentes \u00e0s press\u00f5es internas a que s\u00e3o submetidos devido a uma rigorosa bateria de testes feitos ap\u00f3s a sua rotomoldagem. \u00c9 muito eficaz e torna a \u00e1gua da piscina limpa e filtrada dando muito mais seguran\u00e7a a seus usu\u00e1rios. &nbsp; Como utilizar [&hellip;]<\/p>\n","protected":false},"featured_media":117,"comment_status":"open","ping_status":"closed","template":"","meta":[],"product_brand":[],"product_cat":[15],"product_tag":[],"class_list":{"0":"post-113","1":"product","2":"type-product","3":"status-publish","4":"has-post-thumbnail","6":"product_cat-sem-categoria","8":"first","9":"onbackorder","10":"shipping-taxable","11":"purchasable","12":"product-type-simple"},"jetpack_sharing_enabled":true,"_links":{"self":[{"href":"https:\/\/www.marquespiscinas.com.br\/loja\/wp-json\/wp\/v2\/product\/113","targetHints":{"allow":["GET"]}}],"collection":[{"href":"https:\/\/www.marquespiscinas.com.br\/loja\/wp-json\/wp\/v2\/product"}],"about":[{"href":"https:\/\/www.marquespiscinas.com.br\/loja\/wp-json\/wp\/v2\/types\/product"}],"replies":[{"embeddable":true,"href":"https:\/\/www.marquespiscinas.com.br\/loja\/wp-json\/wp\/v2\/comments?post=113"}],"wp:featuredmedia":[{"embeddable":true,"href":"https:\/\/www.marquespiscinas.com.br\/loja\/wp-json\/wp\/v2\/media\/117"}],"wp:attachment":[{"href":"https:\/\/www.marquespiscinas.com.br\/loja\/wp-json\/wp\/v2\/media?parent=113"}],"wp:term":[{"taxonomy":"product_brand","embeddable":true,"href":"https:\/\/www.marquespiscinas.com.br\/loja\/wp-json\/wp\/v2\/product_brand?post=113"},{"taxonomy":"product_cat","embeddable":true,"href":"https:\/\/www.marquespiscinas.com.br\/loja\/wp-json\/wp\/v2\/product_cat?post=113"},{"taxonomy":"product_tag","embeddable":true,"href":"https:\/\/www.marquespiscinas.com.br\/loja\/wp-json\/wp\/v2\/product_tag?post=113"}],"curies":[{"name":"wp","href":"https:\/\/api.w.org\/{rel}","templated":true}]}}