{"id":136,"date":"2021-01-19T14:43:37","date_gmt":"2021-01-19T17:43:37","guid":{"rendered":"https:\/\/www.marquespiscinas.com.br\/loja\/?post_type=product&#038;p=136"},"modified":"2022-09-20T08:50:25","modified_gmt":"2022-09-20T11:50:25","slug":"solucao-agua-verde-hth-5l","status":"publish","type":"product","link":"https:\/\/www.marquespiscinas.com.br\/loja\/produto\/solucao-agua-verde-hth-5l\/","title":{"rendered":"Solu\u00e7\u00e3o \u00c1gua verde HTH 5L"},"content":{"rendered":"<p>Transforma \u00e1gua verde em \u00e1gua cristalina. O hth\u00ae Algicida Choque \u00e9 indicado para eliminar algas de piscinas infestadas. Pode ser usado no mesmo dia da aplica\u00e7\u00e3o do cloro. Evita as manchas esverdeadas nos cabelos e roupas de banho.<\/p>\n","protected":false},"excerpt":{"rendered":"<p>O\u00a0hth<strong> Solu\u00e7\u00e3o \u00c1gua Verde &#8211; Algicida Choque<\/strong>\u00a0um produto concentrado que elimina as algas de piscinas\u200b infestadas.\u200b F\u00f3rmula livre de cobre, n\u00e3o deixa manchas esverdeadas no cabelo\u200b e no revestimento.\u200b<\/p>\n","protected":false},"featured_media":537,"comment_status":"open","ping_status":"closed","template":"","meta":[],"product_brand":[],"product_cat":[24],"product_tag":[],"class_list":{"0":"post-136","1":"product","2":"type-product","3":"status-publish","4":"has-post-thumbnail","6":"product_cat-tratamento","8":"first","9":"instock","10":"shipping-taxable","11":"purchasable","12":"product-type-simple"},"jetpack_sharing_enabled":true,"_links":{"self":[{"href":"https:\/\/www.marquespiscinas.com.br\/loja\/wp-json\/wp\/v2\/product\/136","targetHints":{"allow":["GET"]}}],"collection":[{"href":"https:\/\/www.marquespiscinas.com.br\/loja\/wp-json\/wp\/v2\/product"}],"about":[{"href":"https:\/\/www.marquespiscinas.com.br\/loja\/wp-json\/wp\/v2\/types\/product"}],"replies":[{"embeddable":true,"href":"https:\/\/www.marquespiscinas.com.br\/loja\/wp-json\/wp\/v2\/comments?post=136"}],"wp:featuredmedia":[{"embeddable":true,"href":"https:\/\/www.marquespiscinas.com.br\/loja\/wp-json\/wp\/v2\/media\/537"}],"wp:attachment":[{"href":"https:\/\/www.marquespiscinas.com.br\/loja\/wp-json\/wp\/v2\/media?parent=136"}],"wp:term":[{"taxonomy":"product_brand","embeddable":true,"href":"https:\/\/www.marquespiscinas.com.br\/loja\/wp-json\/wp\/v2\/product_brand?post=136"},{"taxonomy":"product_cat","embeddable":true,"href":"https:\/\/www.marquespiscinas.com.br\/loja\/wp-json\/wp\/v2\/product_cat?post=136"},{"taxonomy":"product_tag","embeddable":true,"href":"https:\/\/www.marquespiscinas.com.br\/loja\/wp-json\/wp\/v2\/product_tag?post=136"}],"curies":[{"name":"wp","href":"https:\/\/api.w.org\/{rel}","templated":true}]}}