{"id":250,"date":"2021-02-02T10:46:12","date_gmt":"2021-02-02T13:46:12","guid":{"rendered":"https:\/\/www.marquespiscinas.com.br\/loja\/?post_type=product&#038;p=250"},"modified":"2024-04-30T11:18:17","modified_gmt":"2024-04-30T14:18:17","slug":"kit-teste-medidor-de-ph-e-cloro-para-agua-de-piscina","status":"publish","type":"product","link":"https:\/\/www.marquespiscinas.com.br\/loja\/produto\/kit-teste-medidor-de-ph-e-cloro-para-agua-de-piscina\/","title":{"rendered":"Kit Teste Medidor De Ph E Cloro Para \u00c1gua De Piscina"},"content":{"rendered":"<p>O kit de an\u00e1lise de pH e cloro apresenta resultados atrav\u00e9s de cores de refer\u00eancia confi\u00e1veis para os par\u00e2metros na an\u00e1lise. O pH da \u00e1gua na faixa ideal \u00e9 importante para garantir que produtos qu\u00edmicos, como o cloro, usados no tratamento tenham efici\u00eancia.<\/p>\n<p>Kit cont\u00e9m:<br \/>\n01 estojo com instru\u00e7\u00f5es de uso<br \/>\n01 frasco de solu\u00e7\u00e3o de Vermelho Fenol &#8211; (23 ml) &#8211; An\u00e1lise de pH<br \/>\n01 frasco de solu\u00e7\u00e3o de Orto-Tolidina &#8211; (23 ml) &#8211; An\u00e1lise de cloro<br \/>\n01 c\u00e9lula comparadora.<\/p>\n<p>Para pH da \u00e1gua, a faixa ideal est\u00e1 entre 7.2 e 7.8<br \/>\nPara o cloro da \u00e1gua, a faixa ideal est\u00e1 entre 2.0 e 4.0<\/p>\n","protected":false},"excerpt":{"rendered":"<p>O kit de an\u00e1lise de pH e cloro apresenta resultados atrav\u00e9s de cores de refer\u00eancia confi\u00e1veis para os par\u00e2metros na an\u00e1lise. O pH da \u00e1gua na faixa ideal \u00e9 importante para garantir que produtos qu\u00edmicos, como o cloro, usados no tratamento tenham efici\u00eancia. Kit cont\u00e9m: 01 estojo com instru\u00e7\u00f5es de uso 01 frasco de solu\u00e7\u00e3o [&hellip;]<\/p>\n","protected":false},"featured_media":251,"comment_status":"open","ping_status":"closed","template":"","meta":[],"product_brand":[],"product_cat":[25,24],"product_tag":[],"class_list":{"0":"post-250","1":"product","2":"type-product","3":"status-publish","4":"has-post-thumbnail","6":"product_cat-acessorios-2","7":"product_cat-tratamento","9":"first","10":"onbackorder","11":"shipping-taxable","12":"purchasable","13":"product-type-simple"},"jetpack_sharing_enabled":true,"_links":{"self":[{"href":"https:\/\/www.marquespiscinas.com.br\/loja\/wp-json\/wp\/v2\/product\/250","targetHints":{"allow":["GET"]}}],"collection":[{"href":"https:\/\/www.marquespiscinas.com.br\/loja\/wp-json\/wp\/v2\/product"}],"about":[{"href":"https:\/\/www.marquespiscinas.com.br\/loja\/wp-json\/wp\/v2\/types\/product"}],"replies":[{"embeddable":true,"href":"https:\/\/www.marquespiscinas.com.br\/loja\/wp-json\/wp\/v2\/comments?post=250"}],"wp:featuredmedia":[{"embeddable":true,"href":"https:\/\/www.marquespiscinas.com.br\/loja\/wp-json\/wp\/v2\/media\/251"}],"wp:attachment":[{"href":"https:\/\/www.marquespiscinas.com.br\/loja\/wp-json\/wp\/v2\/media?parent=250"}],"wp:term":[{"taxonomy":"product_brand","embeddable":true,"href":"https:\/\/www.marquespiscinas.com.br\/loja\/wp-json\/wp\/v2\/product_brand?post=250"},{"taxonomy":"product_cat","embeddable":true,"href":"https:\/\/www.marquespiscinas.com.br\/loja\/wp-json\/wp\/v2\/product_cat?post=250"},{"taxonomy":"product_tag","embeddable":true,"href":"https:\/\/www.marquespiscinas.com.br\/loja\/wp-json\/wp\/v2\/product_tag?post=250"}],"curies":[{"name":"wp","href":"https:\/\/api.w.org\/{rel}","templated":true}]}}