{"id":253,"date":"2021-02-02T10:59:32","date_gmt":"2021-02-02T13:59:32","guid":{"rendered":"https:\/\/www.marquespiscinas.com.br\/loja\/?post_type=product&#038;p=253"},"modified":"2024-04-30T11:18:29","modified_gmt":"2024-04-30T14:18:29","slug":"ralo-de-fundo-inaqua","status":"publish","type":"product","link":"https:\/\/www.marquespiscinas.com.br\/loja\/produto\/ralo-de-fundo-inaqua\/","title":{"rendered":"Ralo de Fundo Inaqua"},"content":{"rendered":"<p>Dispositivo ralo de fundo para piscina pertence a linha Pratique da Inaqua que possui um novo conceito em instala\u00e7\u00e3o de dispositivos para piscinas de alvenaria: Praticidade!Os dispositivo ralo de fundo para piscina foram projetados utilizando-se do sistema de encaixa interno em tubos de 50 e 60 mm, oferecendo solu\u00e7\u00f5es r\u00e1pidas e pr\u00e1ticas!O ralo de fundo da Inaqua linha Pratique \u00e9 <strong>anti turbilh\u00e3o<\/strong>\u00a0que tem a\u00a0<strong>fun\u00e7\u00e3o<\/strong>\u00a0de evitar o\u00a0<strong>turbilhonamento<\/strong>, ou seja, proporcionar uma\u00a0<strong>movimenta\u00e7\u00e3o<\/strong>\u00a0da\u00a0<strong>\u00e1gua<\/strong>\u00a0ao ser sugada para que n\u00e3o se transforme em um\u00a0<strong>redemoinho<\/strong>\u00a0e prevenindo a forma\u00e7\u00e3o de um\u00a0<strong>v\u00e1cuo<\/strong>\u00a0entre o\u00a0<strong>corpo<\/strong>\u00a0de um\u00a0<strong>banhista<\/strong>\u00a0e o\u00a0<strong>dreno<\/strong>, tornando o banho de piscina mais\u00a0<strong>seguro<\/strong>.<\/p>\n","protected":false},"excerpt":{"rendered":"<p>Dispositivo ralo de fundo para piscina pertence a linha Pratique da Inaqua que possui um novo conceito em instala\u00e7\u00e3o de dispositivos para piscinas de alvenaria: Praticidade!Os dispositivo ralo de fundo para piscina foram projetados utilizando-se do sistema de encaixa interno em tubos de 50 e 60 mm, oferecendo solu\u00e7\u00f5es r\u00e1pidas e pr\u00e1ticas!O ralo de fundo [&hellip;]<\/p>\n","protected":false},"featured_media":254,"comment_status":"open","ping_status":"closed","template":"","meta":[],"product_brand":[],"product_cat":[25],"product_tag":[],"class_list":{"0":"post-253","1":"product","2":"type-product","3":"status-publish","4":"has-post-thumbnail","6":"product_cat-acessorios-2","8":"first","9":"onbackorder","10":"shipping-taxable","11":"purchasable","12":"product-type-simple"},"jetpack_sharing_enabled":true,"_links":{"self":[{"href":"https:\/\/www.marquespiscinas.com.br\/loja\/wp-json\/wp\/v2\/product\/253","targetHints":{"allow":["GET"]}}],"collection":[{"href":"https:\/\/www.marquespiscinas.com.br\/loja\/wp-json\/wp\/v2\/product"}],"about":[{"href":"https:\/\/www.marquespiscinas.com.br\/loja\/wp-json\/wp\/v2\/types\/product"}],"replies":[{"embeddable":true,"href":"https:\/\/www.marquespiscinas.com.br\/loja\/wp-json\/wp\/v2\/comments?post=253"}],"wp:featuredmedia":[{"embeddable":true,"href":"https:\/\/www.marquespiscinas.com.br\/loja\/wp-json\/wp\/v2\/media\/254"}],"wp:attachment":[{"href":"https:\/\/www.marquespiscinas.com.br\/loja\/wp-json\/wp\/v2\/media?parent=253"}],"wp:term":[{"taxonomy":"product_brand","embeddable":true,"href":"https:\/\/www.marquespiscinas.com.br\/loja\/wp-json\/wp\/v2\/product_brand?post=253"},{"taxonomy":"product_cat","embeddable":true,"href":"https:\/\/www.marquespiscinas.com.br\/loja\/wp-json\/wp\/v2\/product_cat?post=253"},{"taxonomy":"product_tag","embeddable":true,"href":"https:\/\/www.marquespiscinas.com.br\/loja\/wp-json\/wp\/v2\/product_tag?post=253"}],"curies":[{"name":"wp","href":"https:\/\/api.w.org\/{rel}","templated":true}]}}