{"id":272,"date":"2021-03-10T15:11:46","date_gmt":"2021-03-10T18:11:46","guid":{"rendered":"https:\/\/www.marquespiscinas.com.br\/loja\/?post_type=product&#038;p=272"},"modified":"2023-01-27T16:40:07","modified_gmt":"2023-01-27T19:40:07","slug":"sauna-steam-inox-9-kw-p-ate-10m%c2%b3","status":"publish","type":"product","link":"https:\/\/www.marquespiscinas.com.br\/loja\/produto\/sauna-steam-inox-9-kw-p-ate-10m%c2%b3\/","title":{"rendered":"Sauna Steam Inox 9 kw p\/ at\u00e9 10m\u00b3"},"content":{"rendered":"<div class=\"descResumida text-center large-text-left\">\n<p>Foi pensando em uma solu\u00e7\u00e3o para que voc\u00ea pudesse ter todas as vantagens e o incr\u00edvel relaxamento proporcionado pelo banho de sauna sem ter que construir um ambiente espec\u00edfico para tal atividade que a Sodramar desenvolveu a Sauna Steam Inox 9kw. Com a Sauna Steam Inox 9kw, voc\u00ea pode desfrutar de momentos relaxantes at\u00e9 mesmo em seu banheiro, ou se preferir, em um ambiente prop\u00edcio para saunas. A Sauna Steam Inox 9kw \u00e9 uma excelente op\u00e7\u00e3o para quem mora em apartamentos ou tem pouco espa\u00e7o dispon\u00edvel em sua casa, pois com ela voc\u00ea consegue tomar um banho de sauna em seu box. Al\u00e9m de ser extremamente pr\u00e1tica e vers\u00e1til, a Sauna Steam Inox 9kw ainda apresenta muita efici\u00eancia na gera\u00e7\u00e3o de vapor, sem contar a sua excelente resist\u00eancia e durabilidade, proporcionadas pelos \u00f3timos materiais utilizados em sua fabrica\u00e7\u00e3o. O modelo ainda conta com certifica\u00e7\u00e3o do INMETRO, que n\u00e3o deixa d\u00favidas quanto a sua proced\u00eancia e qualidade.<\/p>\n<p>&nbsp;<\/p>\n<h3>Benef\u00edcios da Sauna Steam Inox 9kw<\/h3>\n<p>Poder banhar-se em uma sauna nunca foi t\u00e3o f\u00e1cil quanto com a Sauna Steam Inox 9kw. O modelo apresenta uma grande inova\u00e7\u00e3o no mercado das saunas, sendo muito eficaz e vers\u00e1til. Al\u00e9m de tudo isso, a Sauna Steam Inox 9kw ainda possui um baixo custo, que cabe em seu or\u00e7amento.<\/p>\n<p>&nbsp;<\/p>\n<div>\n<p>Devido \u00e0s in\u00fameras solicita\u00e7\u00f5es de engenheiros e arquitetos, a Sodramar lan\u00e7a o gerador de vapor Steam Inox. Ele \u00e9 ideal para quem sonha em ter uma sauna em casa mas n\u00e3o tem espa\u00e7o, com ele voc\u00ea pode transformar seu banheiro em uma sauna facilmente. O Gerador de vapor Steam Inox tamb\u00e9m \u00e9 \u00fatil para quem deseja deixar o aparelho dentro do c\u00f4modo da sauna. O aparelho dentro do c\u00f4modo da sauna melhora a est\u00e9tica da \u00e1rea de lazer pois n\u00e3o ocupa espa\u00e7o externo. Ele foi desenvolvido especialmente para funcionar dentro do ambiente da sauna, produzido em a\u00e7o inox o que garante uma maior durabilidade.<\/p>\n<p><strong>ATEN\u00c7\u00c3O: O Gerador de Vapor Steam Inox necessita de um Comando Sodramar para funcionar (Digital ou Anal\u00f3gico), al\u00e9m de acionar ele monitora e controla a temperatura.<\/strong><\/p>\n<\/div>\n<\/div>\n<div class=\"ancoraDescricao\"><\/div>\n","protected":false},"excerpt":{"rendered":"<p>Foi pensando em uma solu\u00e7\u00e3o para que voc\u00ea pudesse ter todas as vantagens e o incr\u00edvel relaxamento proporcionado pelo banho de sauna sem ter que construir um ambiente espec\u00edfico para tal atividade que a Sodramar desenvolveu a Sauna Steam Inox 9kw. Com a Sauna Steam Inox 9kw, voc\u00ea pode desfrutar de momentos relaxantes at\u00e9 mesmo [&hellip;]<\/p>\n","protected":false},"featured_media":274,"comment_status":"open","ping_status":"closed","template":"","meta":[],"product_brand":[],"product_cat":[18],"product_tag":[],"class_list":{"0":"post-272","1":"product","2":"type-product","3":"status-publish","4":"has-post-thumbnail","6":"product_cat-saunas","8":"first","9":"onbackorder","10":"shipping-taxable","11":"purchasable","12":"product-type-simple"},"jetpack_sharing_enabled":true,"_links":{"self":[{"href":"https:\/\/www.marquespiscinas.com.br\/loja\/wp-json\/wp\/v2\/product\/272","targetHints":{"allow":["GET"]}}],"collection":[{"href":"https:\/\/www.marquespiscinas.com.br\/loja\/wp-json\/wp\/v2\/product"}],"about":[{"href":"https:\/\/www.marquespiscinas.com.br\/loja\/wp-json\/wp\/v2\/types\/product"}],"replies":[{"embeddable":true,"href":"https:\/\/www.marquespiscinas.com.br\/loja\/wp-json\/wp\/v2\/comments?post=272"}],"wp:featuredmedia":[{"embeddable":true,"href":"https:\/\/www.marquespiscinas.com.br\/loja\/wp-json\/wp\/v2\/media\/274"}],"wp:attachment":[{"href":"https:\/\/www.marquespiscinas.com.br\/loja\/wp-json\/wp\/v2\/media?parent=272"}],"wp:term":[{"taxonomy":"product_brand","embeddable":true,"href":"https:\/\/www.marquespiscinas.com.br\/loja\/wp-json\/wp\/v2\/product_brand?post=272"},{"taxonomy":"product_cat","embeddable":true,"href":"https:\/\/www.marquespiscinas.com.br\/loja\/wp-json\/wp\/v2\/product_cat?post=272"},{"taxonomy":"product_tag","embeddable":true,"href":"https:\/\/www.marquespiscinas.com.br\/loja\/wp-json\/wp\/v2\/product_tag?post=272"}],"curies":[{"name":"wp","href":"https:\/\/api.w.org\/{rel}","templated":true}]}}