{"id":284,"date":"2021-03-10T16:08:55","date_gmt":"2021-03-10T19:08:55","guid":{"rendered":"https:\/\/www.marquespiscinas.com.br\/loja\/?post_type=product&#038;p=284"},"modified":"2023-01-27T15:20:57","modified_gmt":"2023-01-27T18:20:57","slug":"sauna-universal-6kw-inox-p-ate-6m%c2%b3","status":"publish","type":"product","link":"https:\/\/www.marquespiscinas.com.br\/loja\/produto\/sauna-universal-6kw-inox-p-ate-6m%c2%b3\/","title":{"rendered":"Sauna Universal 6kw Inox p\/ at\u00e9 6m\u00b3"},"content":{"rendered":"<div class=\"descResumida text-center large-text-left\">\n<div>\n<p>A sauna Compact Line Inox Universal foi projetada para ambientes de sauna \u00famida com medidas entre 6 e 18 m\u00b3. Possui reservat\u00f3rio em a\u00e7o inox, que garante maior resist\u00eancia e durabilidade do produto.<\/p>\n<p>Sua liga\u00e7\u00e3o el\u00e9trica foi projetada no sistema Universal, isso possibilita que o aparelho seja instalado em 220 Bif, 220 Trif e 380 Trif.<\/p>\n<p><strong>ATEN\u00c7\u00c3O: A Sauna Universal \u00a0necessita de um Comando Sodramar para funcionar (Digital ou Anal\u00f3gico), al\u00e9m de acionar ele monitora e controla a temperatura.<\/strong><\/p>\n<\/div>\n<\/div>\n<div class=\"ancoraDescricao\"><\/div>\n","protected":false},"excerpt":{"rendered":"<p>A sauna Compact Line Inox Universal foi projetada para ambientes de sauna \u00famida com medidas entre 6 e 18 m\u00b3. Possui reservat\u00f3rio em a\u00e7o inox, que garante maior resist\u00eancia e durabilidade do produto. Sua liga\u00e7\u00e3o el\u00e9trica foi projetada no sistema Universal, isso possibilita que o aparelho seja instalado em 220 Bif, 220 Trif e 380 [&hellip;]<\/p>\n","protected":false},"featured_media":285,"comment_status":"open","ping_status":"closed","template":"","meta":[],"product_brand":[],"product_cat":[18],"product_tag":[],"class_list":{"0":"post-284","1":"product","2":"type-product","3":"status-publish","4":"has-post-thumbnail","6":"product_cat-saunas","8":"first","9":"onbackorder","10":"sale","11":"shipping-taxable","12":"purchasable","13":"product-type-simple"},"jetpack_sharing_enabled":true,"_links":{"self":[{"href":"https:\/\/www.marquespiscinas.com.br\/loja\/wp-json\/wp\/v2\/product\/284","targetHints":{"allow":["GET"]}}],"collection":[{"href":"https:\/\/www.marquespiscinas.com.br\/loja\/wp-json\/wp\/v2\/product"}],"about":[{"href":"https:\/\/www.marquespiscinas.com.br\/loja\/wp-json\/wp\/v2\/types\/product"}],"replies":[{"embeddable":true,"href":"https:\/\/www.marquespiscinas.com.br\/loja\/wp-json\/wp\/v2\/comments?post=284"}],"wp:featuredmedia":[{"embeddable":true,"href":"https:\/\/www.marquespiscinas.com.br\/loja\/wp-json\/wp\/v2\/media\/285"}],"wp:attachment":[{"href":"https:\/\/www.marquespiscinas.com.br\/loja\/wp-json\/wp\/v2\/media?parent=284"}],"wp:term":[{"taxonomy":"product_brand","embeddable":true,"href":"https:\/\/www.marquespiscinas.com.br\/loja\/wp-json\/wp\/v2\/product_brand?post=284"},{"taxonomy":"product_cat","embeddable":true,"href":"https:\/\/www.marquespiscinas.com.br\/loja\/wp-json\/wp\/v2\/product_cat?post=284"},{"taxonomy":"product_tag","embeddable":true,"href":"https:\/\/www.marquespiscinas.com.br\/loja\/wp-json\/wp\/v2\/product_tag?post=284"}],"curies":[{"name":"wp","href":"https:\/\/api.w.org\/{rel}","templated":true}]}}