{"id":299,"date":"2021-03-11T11:28:13","date_gmt":"2021-03-11T14:28:13","guid":{"rendered":"https:\/\/www.marquespiscinas.com.br\/loja\/?post_type=product&#038;p=299"},"modified":"2024-04-30T11:12:26","modified_gmt":"2024-04-30T14:12:26","slug":"cascata-para-piscina-em-aco-inox-splash-slim","status":"publish","type":"product","link":"https:\/\/www.marquespiscinas.com.br\/loja\/produto\/cascata-para-piscina-em-aco-inox-splash-slim\/","title":{"rendered":"Cascata para piscina em A\u00e7o Inox Splash Slim"},"content":{"rendered":"<div class=\"descResumida text-center large-text-left\">\n<div class=\"descResumida text-center large-text-left\">\n<div>As cascatas Sodramar tem a finalidade de agregar valor a sua piscina. Com design moderno e inovador, elas embelezam seu ambiente de lazer com quedas d&#8217;\u00e1gua que proporcionam uma sensa\u00e7\u00e3o refrescante de relaxamento e divers\u00e3o, al\u00e9m de contribuir no processo de oxigena\u00e7\u00e3o da \u00e1gua de sua piscina. S\u00e3o desenvolvidas em a\u00e7o inoxid\u00e1vel e materiais n\u00e3o ferrosos, oferecendo excelente resist\u00eancia e durabilidade.<\/div>\n<h3><span style=\"color: #333333;\"><br \/>\n<span style=\"color: #000000;\">Cascata Splash em A\u00e7o Inox Slim<\/span><\/span><\/h3>\n<p>A Cascata Splash em A\u00e7o Inox tem como principal finalidade agregar a decora\u00e7\u00e3o de seu ambiente de piscina, deixando-o mais elegante e sofisticado. O modelo conta com um design moderno e que d\u00e1 ao ambiente um requinte de sofistica\u00e7\u00e3o, al\u00e9m de proporcionar uma bel\u00edssima queda d\u2019\u00e1gua. Esta queda ainda garante uma excelente op\u00e7\u00e3o de relaxamento e divers\u00e3o, podendo ser utilizada para garantir uma sensa\u00e7\u00e3o de refresc\u00e2ncia.<\/p>\n<p>Outra grande vantagem da Cascata Splash em A\u00e7o Inox \u00e9 o fato de ela contribuir muito na oxigena\u00e7\u00e3o da \u00e1gua de sua piscina. A durabilidade e a resist\u00eancia do modelo tamb\u00e9m devem ser destacadas, pois a Cascata Splash em A\u00e7o Inox \u00e9 feita a partir de componentes de alta qualidade que a proporcionam tais caracter\u00edsticas.<\/p>\n<p>&nbsp;<\/p>\n<h2>Como utilizar a Cascata Splash em A\u00e7o Inox Slim<\/h2>\n<p>A Cascata Splash em A\u00e7o Inox deve ser instalada na beira de sua piscina, onde ela ir\u00e1 garantir uma excelente op\u00e7\u00e3o de relaxamento e divers\u00e3o com uma bela queda d\u2019\u00e1gua. A bomba ideal para ser utilizada em conjunto com a Cascata Splash em A\u00e7o Inox \u00e9 a BM &#8211; 25.<\/p>\n<h3><span style=\"color: #000000;\">Benef\u00edcios da Cascata Splash em A\u00e7o Inox Slim<\/span><\/h3>\n<p>A Cascata Splash em A\u00e7o Inox \u00e9 uma excelente op\u00e7\u00e3o para quem est\u00e1 buscando por alternativas de deixar a sua \u00e1rea de piscina muito mais elegante e sofisticada ao mesmo tempo em que garante uma \u00f3tima op\u00e7\u00e3o de relaxamento e divers\u00e3o. Com uma bela queda d\u2019\u00e1gua, a Cascata Splash em A\u00e7o Inox ainda ajuda na oxigena\u00e7\u00e3o da \u00e1gua e garante uma sensa\u00e7\u00e3o de frescor.<\/p>\n<p><strong>Cascata em a\u00e7o inox 304<\/strong><\/p>\n<\/div>\n<div class=\"ancoraDescricao\"><\/div>\n<\/div>\n<div class=\"ancoraDescricao\"><\/div>\n","protected":false},"excerpt":{"rendered":"<p>As cascatas Sodramar tem a finalidade de agregar valor a sua piscina. Com design moderno e inovador, elas embelezam seu ambiente de lazer com quedas d&#8217;\u00e1gua que proporcionam uma sensa\u00e7\u00e3o refrescante de relaxamento e divers\u00e3o, al\u00e9m de contribuir no processo de oxigena\u00e7\u00e3o da \u00e1gua de sua piscina. S\u00e3o desenvolvidas em a\u00e7o inoxid\u00e1vel e materiais n\u00e3o [&hellip;]<\/p>\n","protected":false},"featured_media":300,"comment_status":"open","ping_status":"closed","template":"","meta":[],"product_brand":[],"product_cat":[26],"product_tag":[],"class_list":{"0":"post-299","1":"product","2":"type-product","3":"status-publish","4":"has-post-thumbnail","6":"product_cat-cascatas","8":"first","9":"onbackorder","10":"sale","11":"shipping-taxable","12":"purchasable","13":"product-type-simple"},"jetpack_sharing_enabled":true,"_links":{"self":[{"href":"https:\/\/www.marquespiscinas.com.br\/loja\/wp-json\/wp\/v2\/product\/299","targetHints":{"allow":["GET"]}}],"collection":[{"href":"https:\/\/www.marquespiscinas.com.br\/loja\/wp-json\/wp\/v2\/product"}],"about":[{"href":"https:\/\/www.marquespiscinas.com.br\/loja\/wp-json\/wp\/v2\/types\/product"}],"replies":[{"embeddable":true,"href":"https:\/\/www.marquespiscinas.com.br\/loja\/wp-json\/wp\/v2\/comments?post=299"}],"wp:featuredmedia":[{"embeddable":true,"href":"https:\/\/www.marquespiscinas.com.br\/loja\/wp-json\/wp\/v2\/media\/300"}],"wp:attachment":[{"href":"https:\/\/www.marquespiscinas.com.br\/loja\/wp-json\/wp\/v2\/media?parent=299"}],"wp:term":[{"taxonomy":"product_brand","embeddable":true,"href":"https:\/\/www.marquespiscinas.com.br\/loja\/wp-json\/wp\/v2\/product_brand?post=299"},{"taxonomy":"product_cat","embeddable":true,"href":"https:\/\/www.marquespiscinas.com.br\/loja\/wp-json\/wp\/v2\/product_cat?post=299"},{"taxonomy":"product_tag","embeddable":true,"href":"https:\/\/www.marquespiscinas.com.br\/loja\/wp-json\/wp\/v2\/product_tag?post=299"}],"curies":[{"name":"wp","href":"https:\/\/api.w.org\/{rel}","templated":true}]}}