{"id":348,"date":"2021-05-11T09:07:34","date_gmt":"2021-05-11T12:07:34","guid":{"rendered":"https:\/\/www.marquespiscinas.com.br\/loja\/?post_type=product&#038;p=348"},"modified":"2022-09-19T15:19:16","modified_gmt":"2022-09-19T18:19:16","slug":"sulfato-de-aluminio-hidroazul-2-kg","status":"publish","type":"product","link":"https:\/\/www.marquespiscinas.com.br\/loja\/produto\/sulfato-de-aluminio-hidroazul-2-kg\/","title":{"rendered":"Sulfato de Alum\u00ednio Hidroazul 2 kg"},"content":{"rendered":"<div class=\"MuiGrid-root MuiGrid-item MuiGrid-grid-xs-12\">\n<div class=\"styles__TextInfoContent-sc-1rue5eb-7 laoghV\">\n<div>O\u00a0<strong>Sulfato de Alum\u00ednio Hidroazul<\/strong>\u00a0\u00e9 um produto granulado para decanta\u00e7\u00e3o de \u00e1guas de piscinas. Com f\u00e1cil dissolu\u00e7\u00e3o.<\/p>\n<p>Transforma a \u00e1gua turva em cristalina.<\/p>\n<p>O Sulfato de Alum\u00ednio \u00e9 um produto destinado a flocular\/decantar sujeiras de piscinas, eliminado assim sua turbidez. O sulfato Hidroazul \u00e9 especialmente desenvolvido para \u00e1gua de piscinas, gerando assim m\u00e1xima efici\u00eancia.<\/p>\n<p><strong>MODO DE USO:<\/strong> Dissolva em um balde pl\u00e1stico com \u00e1gua, 40g de Sulfato de Alum\u00ednio Hidroazul para cada 1.000 litros de \u00e1gua. Distribua uniformemente a solu\u00e7\u00e3o sobre a \u00e1gua da piscina.<br \/>\nPara obter uma decanta\u00e7\u00e3o completa e uniforme, deixe a \u00e1gua em repouso por um per\u00edodo m\u00ednimo de 12 horas. Em seguida, aspire cuidadosamente o fundo da piscina.<\/div>\n<div><\/div>\n<div class=\"styles__Wrapper-sc-1g14j1u-0 fAVYAS\"><strong>Informa\u00e7\u00f5es<\/strong><\/div>\n<\/div>\n<\/div>\n<div class=\"MuiGrid-root MuiGrid-item MuiGrid-grid-xs-12\">\n<div class=\"styles__ProductInformations-sc-1rue5eb-8 XchwC\">\n<ul>\n<li>F\u00e1cil dissolu\u00e7\u00e3o;<\/li>\n<li>Transforma a \u00e1gua turva em cristalina;<\/li>\n<li>Produto granulado para decanta\u00e7\u00e3o de \u00e1guas de piscinas.<\/li>\n<\/ul>\n<\/div>\n<\/div>\n","protected":false},"excerpt":{"rendered":"<p>O\u00a0<b>Sulfato de Alum\u00ednio<\/b>\u00a0\u00e9 um produto destinado a flocular\/decantar sujeiras de piscinas, eliminado assim sua turbidez. O\u00a0<b>sulfato Hidroazul<\/b>\u00a0\u00e9 especialmente desenvolvido para \u00e1gua de piscinas, gerando assim m\u00e1xima efici\u00eancia.<\/p>\n","protected":false},"featured_media":349,"comment_status":"open","ping_status":"closed","template":"","meta":[],"product_brand":[],"product_cat":[24],"product_tag":[],"class_list":{"0":"post-348","1":"product","2":"type-product","3":"status-publish","4":"has-post-thumbnail","6":"product_cat-tratamento","8":"first","9":"outofstock","10":"shipping-taxable","11":"purchasable","12":"product-type-simple"},"jetpack_sharing_enabled":true,"_links":{"self":[{"href":"https:\/\/www.marquespiscinas.com.br\/loja\/wp-json\/wp\/v2\/product\/348","targetHints":{"allow":["GET"]}}],"collection":[{"href":"https:\/\/www.marquespiscinas.com.br\/loja\/wp-json\/wp\/v2\/product"}],"about":[{"href":"https:\/\/www.marquespiscinas.com.br\/loja\/wp-json\/wp\/v2\/types\/product"}],"replies":[{"embeddable":true,"href":"https:\/\/www.marquespiscinas.com.br\/loja\/wp-json\/wp\/v2\/comments?post=348"}],"wp:featuredmedia":[{"embeddable":true,"href":"https:\/\/www.marquespiscinas.com.br\/loja\/wp-json\/wp\/v2\/media\/349"}],"wp:attachment":[{"href":"https:\/\/www.marquespiscinas.com.br\/loja\/wp-json\/wp\/v2\/media?parent=348"}],"wp:term":[{"taxonomy":"product_brand","embeddable":true,"href":"https:\/\/www.marquespiscinas.com.br\/loja\/wp-json\/wp\/v2\/product_brand?post=348"},{"taxonomy":"product_cat","embeddable":true,"href":"https:\/\/www.marquespiscinas.com.br\/loja\/wp-json\/wp\/v2\/product_cat?post=348"},{"taxonomy":"product_tag","embeddable":true,"href":"https:\/\/www.marquespiscinas.com.br\/loja\/wp-json\/wp\/v2\/product_tag?post=348"}],"curies":[{"name":"wp","href":"https:\/\/api.w.org\/{rel}","templated":true}]}}