{"id":352,"date":"2021-05-11T09:14:57","date_gmt":"2021-05-11T12:14:57","guid":{"rendered":"https:\/\/www.marquespiscinas.com.br\/loja\/?post_type=product&#038;p=352"},"modified":"2022-09-19T16:33:29","modified_gmt":"2022-09-19T19:33:29","slug":"elevador-de-alcalinidade-hidroazul-2-kg","status":"publish","type":"product","link":"https:\/\/www.marquespiscinas.com.br\/loja\/produto\/elevador-de-alcalinidade-hidroazul-2-kg\/","title":{"rendered":"Elevador de Alcalinidade Hidroazul 2 kg"},"content":{"rendered":"<p>INSTRU\u00c7\u00d5ES DE USO:<br \/>\nDissolva, em um balde pl\u00e1stico com \u00e1gua, o produto na dosagem indicada na tabela abaixo e filtre por 3 horas. Ap\u00f3s 12 horas, fa\u00e7a nova medi\u00e7\u00e3o da alcalinidade. Se necess\u00e1rio, repita o procedimento anterior.<\/p>\n<p>Alcalinidade encontrada Dosagem para cada 1000L(g):<br \/>\n0 204g<br \/>\n10 187g<br \/>\n20 170g<br \/>\n30 153g<br \/>\n40 136g<br \/>\n50 119g<br \/>\n60 102g<br \/>\n70 85g<\/p>\n","protected":false},"excerpt":{"rendered":"<p>Produto granulado fino. Ideal para ajuste de\u00a0<b>alcalinidade<\/b>\u00a0baixa e estabiliza\u00e7\u00e3o do pH.<\/p>\n","protected":false},"featured_media":515,"comment_status":"open","ping_status":"closed","template":"","meta":[],"product_brand":[],"product_cat":[24],"product_tag":[],"class_list":{"0":"post-352","1":"product","2":"type-product","3":"status-publish","4":"has-post-thumbnail","6":"product_cat-tratamento","8":"first","9":"outofstock","10":"shipping-taxable","11":"purchasable","12":"product-type-simple"},"jetpack_sharing_enabled":true,"_links":{"self":[{"href":"https:\/\/www.marquespiscinas.com.br\/loja\/wp-json\/wp\/v2\/product\/352","targetHints":{"allow":["GET"]}}],"collection":[{"href":"https:\/\/www.marquespiscinas.com.br\/loja\/wp-json\/wp\/v2\/product"}],"about":[{"href":"https:\/\/www.marquespiscinas.com.br\/loja\/wp-json\/wp\/v2\/types\/product"}],"replies":[{"embeddable":true,"href":"https:\/\/www.marquespiscinas.com.br\/loja\/wp-json\/wp\/v2\/comments?post=352"}],"wp:featuredmedia":[{"embeddable":true,"href":"https:\/\/www.marquespiscinas.com.br\/loja\/wp-json\/wp\/v2\/media\/515"}],"wp:attachment":[{"href":"https:\/\/www.marquespiscinas.com.br\/loja\/wp-json\/wp\/v2\/media?parent=352"}],"wp:term":[{"taxonomy":"product_brand","embeddable":true,"href":"https:\/\/www.marquespiscinas.com.br\/loja\/wp-json\/wp\/v2\/product_brand?post=352"},{"taxonomy":"product_cat","embeddable":true,"href":"https:\/\/www.marquespiscinas.com.br\/loja\/wp-json\/wp\/v2\/product_cat?post=352"},{"taxonomy":"product_tag","embeddable":true,"href":"https:\/\/www.marquespiscinas.com.br\/loja\/wp-json\/wp\/v2\/product_tag?post=352"}],"curies":[{"name":"wp","href":"https:\/\/api.w.org\/{rel}","templated":true}]}}