{"id":438,"date":"2021-08-10T14:33:37","date_gmt":"2021-08-10T17:33:37","guid":{"rendered":"https:\/\/www.marquespiscinas.com.br\/loja\/?post_type=product&#038;p=438"},"modified":"2022-07-20T13:00:52","modified_gmt":"2022-07-20T16:00:52","slug":"painel-de-comando-p-tiny-10w-led-ate-8-leds-c-controle-remoto","status":"publish","type":"product","link":"https:\/\/www.marquespiscinas.com.br\/loja\/produto\/painel-de-comando-p-tiny-10w-led-ate-8-leds-c-controle-remoto\/","title":{"rendered":"Painel de Comando p\/ Tiny &#8211; 10W Led at\u00e9 8 Leds c\/ Controle Remoto"},"content":{"rendered":"<p>Ele possui um processador ARM de 32 bits, o mesmo usado em celulares e tablets, com alto poder processamento, gerando mais defini\u00e7\u00f5es nas cores e efeitos exclusivos.<\/p>\n<p>O controle remoto \u00e9 simples e poderoso, tem longo alcance com bateria longa de dura\u00e7\u00e3o. O controlador possui 12 efeitos de luz diferentes.<\/p>\n","protected":false},"excerpt":{"rendered":"<p>Ele possui um processador ARM de 32 bits, o mesmo usado em celulares e tablets, com alto poder processamento, gerando mais defini\u00e7\u00f5es nas cores e efeitos exclusivos. O controle remoto \u00e9 simples e poderoso, tem longo alcance com bateria longa de dura\u00e7\u00e3o. O controlador possui 12 efeitos de luz diferentes.<\/p>\n","protected":false},"featured_media":439,"comment_status":"open","ping_status":"closed","template":"","meta":[],"product_brand":[],"product_cat":[20],"product_tag":[],"class_list":{"0":"post-438","1":"product","2":"type-product","3":"status-publish","4":"has-post-thumbnail","6":"product_cat-iluminacao","8":"first","9":"outofstock","10":"shipping-taxable","11":"purchasable","12":"product-type-simple"},"jetpack_sharing_enabled":true,"_links":{"self":[{"href":"https:\/\/www.marquespiscinas.com.br\/loja\/wp-json\/wp\/v2\/product\/438","targetHints":{"allow":["GET"]}}],"collection":[{"href":"https:\/\/www.marquespiscinas.com.br\/loja\/wp-json\/wp\/v2\/product"}],"about":[{"href":"https:\/\/www.marquespiscinas.com.br\/loja\/wp-json\/wp\/v2\/types\/product"}],"replies":[{"embeddable":true,"href":"https:\/\/www.marquespiscinas.com.br\/loja\/wp-json\/wp\/v2\/comments?post=438"}],"wp:featuredmedia":[{"embeddable":true,"href":"https:\/\/www.marquespiscinas.com.br\/loja\/wp-json\/wp\/v2\/media\/439"}],"wp:attachment":[{"href":"https:\/\/www.marquespiscinas.com.br\/loja\/wp-json\/wp\/v2\/media?parent=438"}],"wp:term":[{"taxonomy":"product_brand","embeddable":true,"href":"https:\/\/www.marquespiscinas.com.br\/loja\/wp-json\/wp\/v2\/product_brand?post=438"},{"taxonomy":"product_cat","embeddable":true,"href":"https:\/\/www.marquespiscinas.com.br\/loja\/wp-json\/wp\/v2\/product_cat?post=438"},{"taxonomy":"product_tag","embeddable":true,"href":"https:\/\/www.marquespiscinas.com.br\/loja\/wp-json\/wp\/v2\/product_tag?post=438"}],"curies":[{"name":"wp","href":"https:\/\/api.w.org\/{rel}","templated":true}]}}