{"id":96,"date":"2021-01-19T15:48:08","date_gmt":"2021-01-19T18:48:08","guid":{"rendered":"https:\/\/www.marquespiscinas.com.br\/loja\/?post_type=product&#038;p=96"},"modified":"2022-09-19T17:40:16","modified_gmt":"2022-09-19T20:40:16","slug":"controlador-de-metais-hidroazul-1l","status":"publish","type":"product","link":"https:\/\/www.marquespiscinas.com.br\/loja\/produto\/controlador-de-metais-hidroazul-1l\/","title":{"rendered":"Controlador de metais Hidroazul 1L"},"content":{"rendered":"<p>MODO DE USO:<\/p>\n<p>A alcalinidade total da \u00e1gua deve estar entre 80 e 120 ppm e o pH entre 7,4 e 7,6. Se necess\u00e1rio, fa\u00e7a a corre\u00e7\u00e3o. \u00c9 importante que o cloro na \u00e1gua esteja em zero ppm ou, no m\u00e1ximo, 1 ppm.<\/p>\n<p><strong>Piscina com \u00e1gua turva de cor marrom, avermelhada, azul esverdeada ou preta:<\/strong><br \/>\nEm um balde pl\u00e1stico com \u00e1gua, adicione 15ml para cada 1.000 litros de \u00e1gua da piscina. Distribua bem a solu\u00e7\u00e3o sobre toda a superf\u00edcie da \u00e1gua e deixe filtrando por 8 horas, depois retrolave o filtro. O processo de filtra\u00e7\u00e3o deve ser repetido por 4 dias.<br \/>\n\u00c9 importante que durante esse per\u00edodo n\u00e3o se adicione nenhum outro produto.<\/p>\n<p><strong>Piscina com revestimento manchado por metais:<\/strong><br \/>\nAplique 50ml para cada 1.000 litros de \u00e1gua diretamente sobre a superf\u00edcie e o mais pr\u00f3ximo poss\u00edvel da mancha, deixe filtrando por 8 horas e depois retrolave o filtro. Escove a \u00e1rea manchada, retrolavando o filtro, diariamente, enquanto durar o procedimento. Se a mancha n\u00e3o desaparecer na primeira semana, repita o tratamento. Poder\u00e1 ocorrer uma leve turva\u00e7\u00e3o da \u00e1gua ap\u00f3s a aplica\u00e7\u00e3o do produto, mas \u00e9 tempor\u00e1ria.<br \/>\n<strong>ATEN\u00c7\u00c3O:<\/strong> N\u00e3o deve ser feita superclora\u00e7\u00e3o durante os primeiros 7 dias.<\/p>\n","protected":false},"excerpt":{"rendered":"<p>Indicado no tratamento de \u00e1gua contendo metais provenientes de equipamentos enferrujados, ou piscina com \u00e1gua de po\u00e7o, mina ou lagos. Efetivo em ampla faixa de pH. Combate especialmente as manchas causadas por ferro, cobre, c\u00e1lcio e magn\u00e9sio. Aumenta a vida \u00fatil dos equipamentos e instala\u00e7\u00f5es, evitando o entupimento de tubos e serpentinas.<\/p>\n","protected":false},"featured_media":535,"comment_status":"open","ping_status":"closed","template":"","meta":[],"product_brand":[],"product_cat":[24],"product_tag":[],"class_list":{"0":"post-96","1":"product","2":"type-product","3":"status-publish","4":"has-post-thumbnail","6":"product_cat-tratamento","8":"first","9":"instock","10":"shipping-taxable","11":"purchasable","12":"product-type-simple"},"jetpack_sharing_enabled":true,"_links":{"self":[{"href":"https:\/\/www.marquespiscinas.com.br\/loja\/wp-json\/wp\/v2\/product\/96","targetHints":{"allow":["GET"]}}],"collection":[{"href":"https:\/\/www.marquespiscinas.com.br\/loja\/wp-json\/wp\/v2\/product"}],"about":[{"href":"https:\/\/www.marquespiscinas.com.br\/loja\/wp-json\/wp\/v2\/types\/product"}],"replies":[{"embeddable":true,"href":"https:\/\/www.marquespiscinas.com.br\/loja\/wp-json\/wp\/v2\/comments?post=96"}],"wp:featuredmedia":[{"embeddable":true,"href":"https:\/\/www.marquespiscinas.com.br\/loja\/wp-json\/wp\/v2\/media\/535"}],"wp:attachment":[{"href":"https:\/\/www.marquespiscinas.com.br\/loja\/wp-json\/wp\/v2\/media?parent=96"}],"wp:term":[{"taxonomy":"product_brand","embeddable":true,"href":"https:\/\/www.marquespiscinas.com.br\/loja\/wp-json\/wp\/v2\/product_brand?post=96"},{"taxonomy":"product_cat","embeddable":true,"href":"https:\/\/www.marquespiscinas.com.br\/loja\/wp-json\/wp\/v2\/product_cat?post=96"},{"taxonomy":"product_tag","embeddable":true,"href":"https:\/\/www.marquespiscinas.com.br\/loja\/wp-json\/wp\/v2\/product_tag?post=96"}],"curies":[{"name":"wp","href":"https:\/\/api.w.org\/{rel}","templated":true}]}}